 626?
False
Is 2390 a factor of 1333346370?
False
Is 39 a factor of 296013290?
False
Is 291565398 a multiple of 1828?
False
Does 55 divide 521167075?
True
Is 7 a factor of 2008125?
True
Is 64 a factor of 659741155?
False
Is 47 a factor of 286763403?
True
Is 1186477656 a multiple of 1830?
False
Does 15 divide 149896965?
True
Does 30 divide 447764108?
False
Does 19 divide 3088225040?
True
Is 9187 a factor of 1565869028?
True
Does 1376 divide 1249592384?
True
Is 25 a factor of 2079371250?
True
Is 1075484340 a multiple of 60?
True
Is 16521855 a multiple of 21?
True
Is 28 a factor of 304385592?
True
Is 1055 a factor of 676509499?
False
Does 469 divide 6877416?
True
Does 448 divide 163769850?
False
Does 2583 divide 192711274?
False
Is 61 a factor of 645909?
False
Is 157326642 a multiple of 33?
True
Is 826 a factor of 5293201284?
True
Does 919 divide 83976382?
True
Is 2802552486 a multiple of 831?
True
Is 48 a factor of 227017245?
False
Is 2082042753 a multiple of 25?
False
Is 1541721888 a multiple of 1008?
True
Is 959511205 a multiple of 66?
False
Is 349666481 a multiple of 19?
True
Is 1123 a factor of 78334865?
True
Is 351766215 a multiple of 1665?
True
Is 15602046 a multiple of 24?
False
Is 1827996900 a multiple of 2293?
False
Is 4773270320 a multiple of 3640?
True
Is 9072469 a multiple of 12?
False
Is 49 a factor of 1906639713?
False
Does 1547 divide 13381550?
True
Is 1350 a factor of 136987960?
False
Is 53808489 a multiple of 371?
False
Does 570 divide 29037510?
True
Does 1768 divide 1651006136?
True
Is 133 a factor of 1407386179?
False
Is 2080 a factor of 87890400?
True
Is 259216595 a multiple of 1819?
True
Is 11 a factor of 8605999?
False
Is 71979625 a multiple of 3736?
False
Is 1348852750 a multiple of 8975?
True
Is 178034773 a multiple of 549?
False
Does 603 divide 252064072?
False
Is 11089433 a multiple of 3?
False
Does 81 divide 721074474?
True
Is 4889152 a multiple of 632?
True
Does 148 divide 67492144?
True
Does 3748 divide 734634236?
True
Does 105 divide 6792340?
False
Is 758 a factor of 1289240510?
True
Is 239459347 a multiple of 59?
True
Is 33414782 a multiple of 276?
False
Does 14 divide 358561826?
True
Is 5895671 a multiple of 263?
True
Does 470 divide 12587070?
True
Does 10 divide 155040989?
False
Does 77 divide 288139341?
False
Does 1061 divide 1609807555?
True
Is 8633313 a multiple of 2?
False
Is 10 a factor of 111408710?
True
Does 1961 divide 88914175?
False
Does 11 divide 108839217?
False
Is 4814911698 a multiple of 12?
False
Is 152152875 a multiple of 875?
True
Is 135713878 a multiple of 3869?
False
Is 1072 a factor of 398881741?
False
Is 132077142 a multiple of 1093?
False
Does 72 divide 303856264?
False
Is 4370261440 a multiple of 7232?
True
Does 83 divide 23390064?
True
Is 327242998 a multiple of 19?
False
Is 64856538 a multiple of 81?
True
Is 55 a factor of 1464280400?
True
Is 55550688 a multiple of 1108?
True
Is 2746 a factor of 137670351?
False
Is 4570426 even?
True
Is 3594276 a multiple of 62?
False
Is 887870304 a multiple of 152?
True
Is 23 a factor of 1173391?
True
Is 18 a factor of 8070443?
False
Is 600464980 a multiple of 76?
True
Is 26642745 a multiple of 666?
False
Is 867 a factor of 136993445?
False
Does 13 divide 1947183680?
True
Does 121 divide 39709296?
True
Does 41 divide 5629751?
True
Is 2259 a factor of 356248818?
True
Does 1427 divide 325440193?
True
Is 183 a factor of 1518531855?
False
Is 17348331 a multiple of 7?
True
Is 21809152 a multiple of 183?
False
Is 4 a factor of 7618160?
True
Does 68 divide 19849540?
True
Is 63 a factor of 10949946?
False
Is 9 a factor of 1074760?
False
Is 122676538 a multiple of 3251?
False
Does 3469 divide 41788547?
False
Is 29343631 a multiple of 53?
False
Is 232 a factor of 759297704?
False
Does 12 divide 16115205?
False
Does 17 divide 47729818?
False
Is 12693240 a multiple of 140?
True
Does 3 divide 4484391?
True
Is 218538180 a multiple of 11?
False
Is 43 a factor of 411294011?
True
Does 678 divide 3783630248?
False
Does 286 divide 2897426818?
True
Does 2075 divide 14531070?
False
Does 16 divide 160267936?
True
Is 44935420 a multiple of 298?
True
Is 2417130 a multiple of 18?
True
Is 119 a factor of 1022811925?
False
Is 1297878146 a multiple of 17?
False
Is 7 a factor of 33924289?
True
Does 8 divide 339906808?
True
Is 85024290 a multiple of 36?
False
Does 453 divide 2457770439?
False
Does 43 divide 799069?
True
Does 150 divide 6310342?
False
Is 3964 a factor of 1704178080?
False
Does 2160 divide 41230881?
False
Does 194 divide 13264893?
False
Is 82589214 a multiple of 925?
False
Does 45 divide 918487890?
True
Is 64283715 a multiple of 2601?
True
Is 1115042685 a multiple of 58?
False
Does 383 divide 127659706?
False
Does 302 divide 319782364?
True
Does 5 divide 42468340?
True
Does 77 divide 23120440?
False
Is 529 a factor of 1134038?
False
Is 69044963 a multiple of 52?
False
Is 15706283 a multiple of 1518?
False
Is 1206 a factor of 629285059?
False
Does 49 divide 1530691419?
False
Does 137 divide 1132398238?
False
Is 59745168 a multiple of 14?
True
Is 43936404 a multiple of 11?
False
Does 14 divide 288710562?
True
Is 178143255 a multiple of 153?
True
Is 48884103 a multiple of 590?
False
Is 31 a factor of 924624414?
True
Is 19 a factor of 19988456?
True
Does 5115 divide 2828900495?
False
Is 1211 a factor of 62086759?
True
Is 311720454 a multiple of 54?
True
Is 62 a factor of 39977662?
True
Does 5015 divide 1184006669?
False
Does 713 divide 13254594?
False
Is 4 a factor of 30117664?
True
Does 3831 divide 413721183?
True
Is 3083598564 a multiple of 849?
True
Is 185068067 a multiple of 18?
False
Is 175 a factor of 248383800?
True
Is 8445762 a multiple of 13?
True
Is 165718231 a multiple of 10?
False
Is 215 a factor of 59996066?
False
Is 850737292 a multiple of 557?
True
Is 34609502 a multiple of 302?
True
Is 175 a factor of 15778000?
True
Is 66232950 a multiple of 63?
False
Is 313 a factor of 71838920?
False
Is 357 a factor of 9405879?
True
Is 27 a factor of 15832627?
False
Is 90054775 a multiple of 253?
False
Is 65760589 a multiple of 271?
True
Is 3581 a factor of 422466524?
False
Is 347940674 a multiple of 301?
False
Is 249206100 a multiple of 30?
True
Is 325478220 a multiple of 59?
True
Is 1569134 a multiple of 7?
True
Is 2394834691 a multiple of 1907?
False
Does 4706 divide 2100786636?
True
Is 25196412 a multiple of 458?
True
Is 193544146 a multiple of 18?
False
Is 81051454 a multiple of 40?
False
Is 30 a factor of 44267220?
True
Does 1265 divide 2374829?
False
Is 4741691081 a multiple of 29?
True
Does 46 divide 67836130?
False
Does 609 divide 246303351?
True
Is 2862 a factor of 18951205?
False
Is 31 a factor of 294768336?
True
Is 38 a factor of 1072108256?
False
Is 15 a factor of 379733496?
False
Is 1430596101 a multiple of 11?
True
Is 20130640 a multiple of 1160?
True
Does 1985 divide 849671871?
False
Is 436872609 a multiple of 248?
False
Is 3193735587 a multiple of 10983?
True
Does 32 divide 44288773?
False
Does 40 divide 810572135?
False
Is 137 a factor of 118715449?
False
Is 58 a factor of 227134786?
True
Does 533 divide 10198656?
False
Does 513 divide 8304267?
False
Is 29351454 a multiple of 22?
True
Is 7615502 a multiple of 50?
False
Does 19 divide 311145976?
True
Is 23536436 a multiple of 28?
True
Does 21 divide 446576298?
True
Does 238 divide 187569942?
True
Is 30 a factor of 178173863?
False
Is 9298354 a multiple of 34?
True
Is 215020380 a multiple of 25?
False
Does 1227 divide 63633447?
True
Does 78 divide 2293746?
True
Is 1795 a factor of 1424291215?
True
Does 8 divide 18756861?
False
Is 54374460 a multiple of 98?
False
Is 130 a factor of 2213504280?
True
Is 145 a factor of 40622609?
False
Is 1616707659 a multiple of 14?
False
Does 72 divide 63518862?
False
Does 33 divide 17668233?
True
Does 564 divide 165147660?
True
Is 4392488 a multiple of 16?
False
Is 137 a factor of 84507493?
False
Is 16332096 a multiple of 1406?
True
Does 16 divide 19104185?
False
Is 76101012 a multiple of 603?
True
Is 82 a factor of 379612604?
True
Does 3 divide 7010091?
True
Is 731 a factor of 1612691264?
True
Is 386771551 a multiple of 1852?
False
Is 460082976 a multiple of 16?
True
Does 1877 divide 54468663?
True
Does 31 divide 166264377?
True
Is 60108569 a multiple of 26?
False
Is 